{"id":9555,"date":"2023-06-06T11:38:07","date_gmt":"2023-06-06T09:38:07","guid":{"rendered":"https:\/\/carturbo.fr\/?page_id=9555"},"modified":"2023-08-26T11:40:22","modified_gmt":"2023-08-26T09:40:22","slug":"enregistreurs-influx-rexgen","status":"publish","type":"page","link":"https:\/\/smarto.fr\/index.php\/enregistreurs-influx-rexgen\/","title":{"rendered":"INFLUX RexGen"},"content":{"rendered":"\t\t<div data-elementor-type=\"wp-page\" data-elementor-id=\"9555\" class=\"elementor elementor-9555\" data-elementor-post-type=\"page\">\n\t\t\t\t\t\t<section class=\"elementor-section elementor-top-section elementor-element elementor-element-b8a091a elementor-section-boxed elementor-section-height-default elementor-section-height-default\" data-id=\"b8a091a\" data-element_type=\"section\">\n\t\t\t\t\t\t<div class=\"elementor-container elementor-column-gap-default\">\n\t\t\t\t\t<div class=\"elementor-column elementor-col-50 elementor-top-column elementor-element elementor-element-f680c53\" data-id=\"f680c53\" data-element_type=\"column\">\n\t\t\t<div class=\"elementor-widget-wrap elementor-element-populated\">\n\t\t\t\t\t\t<div class=\"elementor-element elementor-element-73521ab elementor-widget elementor-widget-heading\" data-id=\"73521ab\" data-element_type=\"widget\" data-widget_type=\"heading.default\">\n\t\t\t\t<div class=\"elementor-widget-container\">\n\t\t\t\t\t<h2 class=\"elementor-heading-title elementor-size-default\"><br>\n<h3 style=\"font-family: Novecentowide-Medium;font-weight: bold;line-height: 48px;font-size: 38px;letter-spacing: normal;margin-bottom: 40px !important\"><span style=\"letter-spacing: 0.1em\">Les Enregistreurs&nbsp;<cite style=\"font-style: normal;font-size: 40px;font-weight: bold;color: #4CAF50;font-family: Novecentowide-Medium\">Influx Technology<\/cite> <\/h3> <br><\/h2>\t\t\t\t<\/div>\n\t\t\t\t<\/div>\n\t\t\t\t\t<\/div>\n\t\t<\/div>\n\t\t\t\t<div class=\"elementor-column elementor-col-50 elementor-top-column elementor-element elementor-element-7e25ce8\" data-id=\"7e25ce8\" data-element_type=\"column\">\n\t\t\t<div class=\"elementor-widget-wrap\">\n\t\t\t\t\t\t\t<\/div>\n\t\t<\/div>\n\t\t\t\t\t<\/div>\n\t\t<\/section>\n\t\t\t\t<section class=\"elementor-section elementor-top-section elementor-element elementor-element-5a2b8d6 elementor-section-boxed elementor-section-height-default elementor-section-height-default\" data-id=\"5a2b8d6\" data-element_type=\"section\">\n\t\t\t\t\t\t<div class=\"elementor-container elementor-column-gap-default\">\n\t\t\t\t\t<div class=\"elementor-column elementor-col-50 elementor-top-column elementor-element elementor-element-a73acad\" data-id=\"a73acad\" data-element_type=\"column\">\n\t\t\t<div class=\"elementor-widget-wrap elementor-element-populated\">\n\t\t\t\t\t\t<div class=\"elementor-element elementor-element-a526e5f elementor-widget elementor-widget-text-editor\" data-id=\"a526e5f\" data-element_type=\"widget\" data-widget_type=\"text-editor.default\">\n\t\t\t\t<div class=\"elementor-widget-container\">\n\t\t\t\t\t\t\t\t\t<p><span style=\"color: #595959; font-family: 'PT Sans'; font-size: 20px;\">Les enregistreurs <\/span> <span style=\"color: #4CAF50; font-family: 'PT Sans'; font-size: 20px; font-weight: bold;\"> Influx Technology <\/span> <span style=\"color: #595959; font-family: 'PT Sans'; font-size: 20px;\"> permettent l\u2019acquisition&nbsp;<\/span><span style=\"color: #595959; font-family: 'PT Sans'; font-size: 20px; font-weight: var( --e-global-typography-text-font-weight );\">des donn\u00e9es provenant de plusieurs sources CAN (Enregistreur CAN, Logger CAN), LIN (Logger LIN), FLEXRAY (Logger Flexray), signaux logiques, signaux analogiques et thermocouples.<\/span><\/p>\n<p style=\"margin-bottom: 15px; color: #595959; font-family: 'PT Sans'; font-size: 20px;\">La configuration des enregistreurs est tr\u00e8s facile, elle offre la possibilit\u00e9 d\u2019utiliser les diff\u00e9rents formats de fichiers : DBC, xCP, CCP, ODX et A2L. Les enregistreurs peuvent \u00eatre connect\u00e9s directement sur la prise OBD ou J1939 du v\u00e9hicule. Les donn\u00e9es enregistr\u00e9es peuvent \u00eatre r\u00e9cup\u00e9r\u00e9es \u00e0 distance par connexion Wifi ou 3G.<\/p>\n<p>&nbsp;<\/p>\t\t\t\t\t\t\t\t<\/div>\n\t\t\t\t<\/div>\n\t\t\t\t\t<\/div>\n\t\t<\/div>\n\t\t\t\t<div class=\"elementor-column elementor-col-50 elementor-top-column elementor-element elementor-element-8c074b5\" data-id=\"8c074b5\" data-element_type=\"column\">\n\t\t\t<div class=\"elementor-widget-wrap\">\n\t\t\t\t\t\t\t<\/div>\n\t\t<\/div>\n\t\t\t\t\t<\/div>\n\t\t<\/section>\n\t\t\t\t<section class=\"elementor-section elementor-top-section elementor-element elementor-element-e34646f elementor-section-boxed elementor-section-height-default elementor-section-height-default\" data-id=\"e34646f\" data-element_type=\"section\">\n\t\t\t\t\t\t<div class=\"elementor-container elementor-column-gap-default\">\n\t\t\t\t\t<div class=\"elementor-column elementor-col-50 elementor-top-column elementor-element elementor-element-62def6d\" data-id=\"62def6d\" data-element_type=\"column\">\n\t\t\t<div class=\"elementor-widget-wrap elementor-element-populated\">\n\t\t\t\t\t\t<div class=\"elementor-element elementor-element-f037c3e elementor-widget elementor-widget-heading\" data-id=\"f037c3e\" data-element_type=\"widget\" data-widget_type=\"heading.default\">\n\t\t\t\t<div class=\"elementor-widget-container\">\n\t\t\t\t\t<h2 class=\"elementor-heading-title elementor-size-default\"><br>\n<h3 style=\"font-family: Novecentowide-Medium;font-weight: bold;line-height: 48px;font-size: 38px;letter-spacing: normal;margin-bottom: 40px !important\"><span style=\"letter-spacing: 0.1px\">Les Enregistreurs&nbsp;<cite style=\"font-style: normal;font-size: 40px;font-weight: bold;color: #4CAF50;font-family: Novecentowide-Medium\">INFLUX RexGen<\/cite> <\/h3> <br>\n<\/h2>\t\t\t\t<\/div>\n\t\t\t\t<\/div>\n\t\t\t\t\t<\/div>\n\t\t<\/div>\n\t\t\t\t<div class=\"elementor-column elementor-col-50 elementor-top-column elementor-element elementor-element-b8776c2\" data-id=\"b8776c2\" data-element_type=\"column\">\n\t\t\t<div class=\"elementor-widget-wrap\">\n\t\t\t\t\t\t\t<\/div>\n\t\t<\/div>\n\t\t\t\t\t<\/div>\n\t\t<\/section>\n\t\t\t\t<section class=\"elementor-section elementor-top-section elementor-element elementor-element-2e9199c elementor-section-stretched elementor-section-boxed elementor-section-height-default elementor-section-height-default\" data-id=\"2e9199c\" data-element_type=\"section\" data-settings=\"{&quot;stretch_section&quot;:&quot;section-stretched&quot;}\">\n\t\t\t\t\t\t<div class=\"elementor-container elementor-column-gap-default\">\n\t\t\t\t\t<div class=\"elementor-column elementor-col-50 elementor-top-column elementor-element elementor-element-48ae3a9\" data-id=\"48ae3a9\" data-element_type=\"column\">\n\t\t\t<div class=\"elementor-widget-wrap elementor-element-populated\">\n\t\t\t\t\t\t<div class=\"elementor-element elementor-element-d912107 elementor-widget elementor-widget-text-editor\" data-id=\"d912107\" data-element_type=\"widget\" data-widget_type=\"text-editor.default\">\n\t\t\t\t<div class=\"elementor-widget-container\">\n\t\t\t\t\t\t\t\t\t<p><span style=\"color: #4caf50; font-family: Novecentowide-Medium; font-size: 26px; letter-spacing: 1px;\">RexGen 2 et\u00a0<\/span><span style=\"color: #4caf50; font-family: Novecentowide-Medium; font-size: 26px; letter-spacing: 1px;\">RexGen 2 IMU<\/span><\/p><p><span style=\"font-weight: bold; font-size: 22px; color: #4caf50; font-family: 'PT Sans';\" title=\"\" data-rel=\"tyntooltip\" data-placement=\"left\" data-original-title=\"\">RexGen 2 et\u00a0<\/span><span style=\"color: #4caf50; font-family: 'PT Sans'; font-size: 22px; font-weight: bold;\">RexGen 2 IMU<\/span><span style=\"color: #595959; font-family: 'PT Sans'; font-size: 18px; font-weight: var( --e-global-typography-text-font-weight );\">\u00a0sont des mod\u00e8les fiables, s\u00fbrs, pr\u00e9cis ainsi que dignes de confiance<\/span><\/p>\t\t\t\t\t\t\t\t<\/div>\n\t\t\t\t<\/div>\n\t\t\t\t<div class=\"elementor-element elementor-element-220c61e elementor-align-center elementor-widget__width-initial elementor-widget elementor-widget-button\" data-id=\"220c61e\" data-element_type=\"widget\" data-widget_type=\"button.default\">\n\t\t\t\t<div class=\"elementor-widget-container\">\n\t\t\t\t\t\t\t\t\t<div class=\"elementor-button-wrapper\">\n\t\t\t\t\t<a class=\"elementor-button elementor-button-link elementor-size-md elementor-animation-grow\" href=\"https:\/\/smarto.fr\/wp-content\/uploads\/2023\/06\/rexgen-pdf.pdf\">\n\t\t\t\t\t\t<span class=\"elementor-button-content-wrapper\">\n\t\t\t\t\t\t<span class=\"elementor-button-icon\">\n\t\t\t\t<i aria-hidden=\"true\" class=\"fas fa-download\"><\/i>\t\t\t<\/span>\n\t\t\t\t\t\t\t\t\t<span class=\"elementor-button-text\"><span style=\"font-family: 'PT Sans'; font-size: 18px;\"> T\u00e9l\u00e9chargez la fiche technique<\/span>\n\t\t\t\t\t<\/span>\n\t\t\t\t\t<\/a>\n\t\t\t\t<\/div>\n\t\t\t\t\t\t\t\t<\/div>\n\t\t\t\t<\/div>\n\t\t\t\t\t<\/div>\n\t\t<\/div>\n\t\t\t\t<div class=\"elementor-column elementor-col-50 elementor-top-column elementor-element elementor-element-1ff51b4\" data-id=\"1ff51b4\" data-element_type=\"column\">\n\t\t\t<div class=\"elementor-widget-wrap elementor-element-populated\">\n\t\t\t\t\t\t<div class=\"elementor-element elementor-element-0008117 elementor-widget__width-initial elementor-widget elementor-widget-image\" data-id=\"0008117\" data-element_type=\"widget\" data-widget_type=\"image.default\">\n\t\t\t\t<div class=\"elementor-widget-container\">\n\t\t\t\t\t\t\t\t\t\t\t\t\t\t\t<img fetchpriority=\"high\" decoding=\"async\" width=\"345\" height=\"237\" src=\"https:\/\/smarto.fr\/wp-content\/uploads\/2023\/06\/RexGen-e1690905865217.png\" class=\"attachment-large size-large wp-image-9997\" alt=\"\" srcset=\"https:\/\/smarto.fr\/wp-content\/uploads\/2023\/06\/RexGen-e1690905865217.png 345w, https:\/\/smarto.fr\/wp-content\/uploads\/2023\/06\/RexGen-e1690905865217-300x206.png 300w\" sizes=\"(max-width: 345px) 100vw, 345px\" \/>\t\t\t\t\t\t\t\t\t\t\t\t\t\t\t<\/div>\n\t\t\t\t<\/div>\n\t\t\t\t\t<\/div>\n\t\t<\/div>\n\t\t\t\t\t<\/div>\n\t\t<\/section>\n\t\t\t\t<section class=\"elementor-section elementor-top-section elementor-element elementor-element-5207cd6 elementor-section-stretched elementor-section-boxed elementor-section-height-default elementor-section-height-default\" data-id=\"5207cd6\" data-element_type=\"section\" data-settings=\"{&quot;stretch_section&quot;:&quot;section-stretched&quot;}\">\n\t\t\t\t\t\t<div class=\"elementor-container elementor-column-gap-default\">\n\t\t\t\t\t<div class=\"elementor-column elementor-col-100 elementor-top-column elementor-element elementor-element-96ba9e6\" data-id=\"96ba9e6\" data-element_type=\"column\">\n\t\t\t<div class=\"elementor-widget-wrap elementor-element-populated\">\n\t\t\t\t\t\t<div class=\"elementor-element elementor-element-4902ba1 elementor-widget elementor-widget-spacer\" data-id=\"4902ba1\" data-element_type=\"widget\" data-widget_type=\"spacer.default\">\n\t\t\t\t<div class=\"elementor-widget-container\">\n\t\t\t\t\t\t\t<div class=\"elementor-spacer\">\n\t\t\t<div class=\"elementor-spacer-inner\"><\/div>\n\t\t<\/div>\n\t\t\t\t\t\t<\/div>\n\t\t\t\t<\/div>\n\t\t\t\t\t<\/div>\n\t\t<\/div>\n\t\t\t\t\t<\/div>\n\t\t<\/section>\n\t\t\t\t<section class=\"elementor-section elementor-top-section elementor-element elementor-element-291ceed elementor-section-stretched elementor-section-boxed elementor-section-height-default elementor-section-height-default\" data-id=\"291ceed\" data-element_type=\"section\" data-settings=\"{&quot;stretch_section&quot;:&quot;section-stretched&quot;}\">\n\t\t\t\t\t\t<div class=\"elementor-container elementor-column-gap-default\">\n\t\t\t\t\t<div class=\"elementor-column elementor-col-25 elementor-top-column elementor-element elementor-element-4cec33c\" data-id=\"4cec33c\" data-element_type=\"column\">\n\t\t\t<div class=\"elementor-widget-wrap\">\n\t\t\t\t\t\t\t<\/div>\n\t\t<\/div>\n\t\t\t\t<div class=\"elementor-column elementor-col-25 elementor-top-column elementor-element elementor-element-49689a5\" data-id=\"49689a5\" data-element_type=\"column\">\n\t\t\t<div class=\"elementor-widget-wrap elementor-element-populated\">\n\t\t\t\t\t\t<div class=\"elementor-element elementor-element-fc978f3 elementor-widget elementor-widget-image\" data-id=\"fc978f3\" data-element_type=\"widget\" data-widget_type=\"image.default\">\n\t\t\t\t<div class=\"elementor-widget-container\">\n\t\t\t\t\t\t\t\t\t\t\t\t\t\t\t<img decoding=\"async\" width=\"260\" height=\"260\" src=\"https:\/\/smarto.fr\/wp-content\/uploads\/2023\/06\/Rexgen-air.webp\" class=\"attachment-large size-large wp-image-10333\" alt=\"\" srcset=\"https:\/\/smarto.fr\/wp-content\/uploads\/2023\/06\/Rexgen-air.webp 260w, https:\/\/smarto.fr\/wp-content\/uploads\/2023\/06\/Rexgen-air-150x150.webp 150w\" sizes=\"(max-width: 260px) 100vw, 260px\" \/>\t\t\t\t\t\t\t\t\t\t\t\t\t\t\t<\/div>\n\t\t\t\t<\/div>\n\t\t\t\t<div class=\"elementor-element elementor-element-c23a7f1 elementor-widget elementor-widget-spacer\" data-id=\"c23a7f1\" data-element_type=\"widget\" data-widget_type=\"spacer.default\">\n\t\t\t\t<div class=\"elementor-widget-container\">\n\t\t\t\t\t\t\t<div class=\"elementor-spacer\">\n\t\t\t<div class=\"elementor-spacer-inner\"><\/div>\n\t\t<\/div>\n\t\t\t\t\t\t<\/div>\n\t\t\t\t<\/div>\n\t\t\t\t\t<\/div>\n\t\t<\/div>\n\t\t\t\t<div class=\"elementor-column elementor-col-25 elementor-top-column elementor-element elementor-element-b90a8f3\" data-id=\"b90a8f3\" data-element_type=\"column\">\n\t\t\t<div class=\"elementor-widget-wrap\">\n\t\t\t\t\t\t\t<\/div>\n\t\t<\/div>\n\t\t\t\t<div class=\"elementor-column elementor-col-25 elementor-top-column elementor-element elementor-element-0118c3a\" data-id=\"0118c3a\" data-element_type=\"column\">\n\t\t\t<div class=\"elementor-widget-wrap elementor-element-populated\">\n\t\t\t\t\t\t<div class=\"elementor-element elementor-element-001d4f7 elementor-widget__width-initial elementor-widget elementor-widget-text-editor\" data-id=\"001d4f7\" data-element_type=\"widget\" data-widget_type=\"text-editor.default\">\n\t\t\t\t<div class=\"elementor-widget-container\">\n\t\t\t\t\t\t\t\t\t<p><span style=\"color: #4caf50; font-family: Novecentowide-Medium; font-size: 26px; letter-spacing: 1px;\">RexGen Air<\/span><\/p><p><span style=\"font-weight: bold; font-family: 'PT Sans'; font-size: 22px; color: #4caf50;\" title=\"\" data-rel=\"tyntooltip\" data-placement=\"left\" data-original-title=\"\">RexGen Air<\/span><span style=\"font-weight: bold;\" title=\"\" data-rel=\"tyntooltip\" data-placement=\"left\" data-original-title=\"\">\u00a0<\/span><span style=\"color: #595959; font-family: PT Sans;\"><span style=\"font-size: 18px;\">est une solution compacte, robuste et pr\u00e9cise, con\u00e7ue pour \u00eatre int\u00e9gr\u00e9e \u00e0 votre flotte pendant la production.\u00a0<\/span><\/span><span style=\"font-size: 18px; color: #595959; font-family: 'PT Sans'; font-weight: var( --e-global-typography-text-font-weight );\">Un syst\u00e8me progressif qui utilise la connectivit\u00e9 LTE. Un enregistreur de donn\u00e9es avec traitement embarqu\u00e9 et capacit\u00e9s t\u00e9l\u00e9matiques connecte les machines au cloud et stocke les donn\u00e9es localement.<\/span><\/p>\t\t\t\t\t\t\t\t<\/div>\n\t\t\t\t<\/div>\n\t\t\t\t<div class=\"elementor-element elementor-element-04bce40 elementor-align-center elementor-widget__width-initial elementor-widget elementor-widget-button\" data-id=\"04bce40\" data-element_type=\"widget\" data-widget_type=\"button.default\">\n\t\t\t\t<div class=\"elementor-widget-container\">\n\t\t\t\t\t\t\t\t\t<div class=\"elementor-button-wrapper\">\n\t\t\t\t\t<a class=\"elementor-button elementor-size-md elementor-animation-grow\" role=\"button\">\n\t\t\t\t\t\t<span class=\"elementor-button-content-wrapper\">\n\t\t\t\t\t\t<span class=\"elementor-button-icon\">\n\t\t\t\t<i aria-hidden=\"true\" class=\"fas fa-download\"><\/i>\t\t\t<\/span>\n\t\t\t\t\t\t\t\t\t<span class=\"elementor-button-text\"><span style=\"font-family: 'PT Sans'; font-size: 18px;\"> T\u00e9l\u00e9chargez la fiche technique<\/span>\n\t\t\t\t\t<\/span>\n\t\t\t\t\t<\/a>\n\t\t\t\t<\/div>\n\t\t\t\t\t\t\t\t<\/div>\n\t\t\t\t<\/div>\n\t\t\t\t\t<\/div>\n\t\t<\/div>\n\t\t\t\t\t<\/div>\n\t\t<\/section>\n\t\t\t\t<section class=\"elementor-section elementor-top-section elementor-element elementor-element-74fb25f elementor-section-boxed elementor-section-height-default elementor-section-height-default\" data-id=\"74fb25f\" data-element_type=\"section\">\n\t\t\t\t\t\t<div class=\"elementor-container elementor-column-gap-default\">\n\t\t\t\t\t<div class=\"elementor-column elementor-col-100 elementor-top-column elementor-element elementor-element-2a3ebd4\" data-id=\"2a3ebd4\" data-element_type=\"column\">\n\t\t\t<div class=\"elementor-widget-wrap elementor-element-populated\">\n\t\t\t\t\t\t<div class=\"elementor-element elementor-element-ce56f32 elementor-widget elementor-widget-spacer\" data-id=\"ce56f32\" data-element_type=\"widget\" data-widget_type=\"spacer.default\">\n\t\t\t\t<div class=\"elementor-widget-container\">\n\t\t\t\t\t\t\t<div class=\"elementor-spacer\">\n\t\t\t<div class=\"elementor-spacer-inner\"><\/div>\n\t\t<\/div>\n\t\t\t\t\t\t<\/div>\n\t\t\t\t<\/div>\n\t\t\t\t\t<\/div>\n\t\t<\/div>\n\t\t\t\t\t<\/div>\n\t\t<\/section>\n\t\t\t\t<\/div>\n\t\t","protected":false},"excerpt":{"rendered":"<p>Les Enregistreurs&nbsp;Influx Technology Les enregistreurs Influx Technology permettent l\u2019acquisition&nbsp;des donn\u00e9es provenant de plusieurs sources CAN (Enregistreur CAN, Logger CAN), LIN (Logger LIN), FLEXRAY (Logger Flexray), signaux logiques, signaux analogiques et thermocouples. La configuration des enregistreurs est tr\u00e8s facile, elle offre la possibilit\u00e9 d\u2019utiliser les diff\u00e9rents formats de fichiers : DBC, xCP, CCP, ODX et A2L. [&hellip;]<\/p>\n","protected":false},"author":1,"featured_media":0,"parent":0,"menu_order":0,"comment_status":"closed","ping_status":"closed","template":"","meta":{"footnotes":""},"class_list":["post-9555","page","type-page","status-publish","hentry"],"_links":{"self":[{"href":"https:\/\/smarto.fr\/index.php\/wp-json\/wp\/v2\/pages\/9555","targetHints":{"allow":["GET"]}}],"collection":[{"href":"https:\/\/smarto.fr\/index.php\/wp-json\/wp\/v2\/pages"}],"about":[{"href":"https:\/\/smarto.fr\/index.php\/wp-json\/wp\/v2\/types\/page"}],"author":[{"embeddable":true,"href":"https:\/\/smarto.fr\/index.php\/wp-json\/wp\/v2\/users\/1"}],"replies":[{"embeddable":true,"href":"https:\/\/smarto.fr\/index.php\/wp-json\/wp\/v2\/comments?post=9555"}],"version-history":[{"count":50,"href":"https:\/\/smarto.fr\/index.php\/wp-json\/wp\/v2\/pages\/9555\/revisions"}],"predecessor-version":[{"id":11439,"href":"https:\/\/smarto.fr\/index.php\/wp-json\/wp\/v2\/pages\/9555\/revisions\/11439"}],"wp:attachment":[{"href":"https:\/\/smarto.fr\/index.php\/wp-json\/wp\/v2\/media?parent=9555"}],"curies":[{"name":"wp","href":"https:\/\/api.w.org\/{rel}","templated":true}]}}